he highest common factor of 29853 and 372?
93
Calculate the greatest common factor of 29 and 11890.
29
What is the highest common divisor of 549 and 16531?
61
What is the highest common factor of 60 and 81885?
15
What is the highest common divisor of 68 and 947444?
68
What is the highest common factor of 3280 and 9635?
205
What is the highest common factor of 98 and 2254?
98
What is the highest common factor of 464948 and 2596?
44
What is the greatest common factor of 6608 and 80?
16
Calculate the highest common factor of 108 and 563196.
12
What is the greatest common factor of 165 and 29667?
33
What is the highest common divisor of 9840 and 15000?
120
Calculate the greatest common factor of 1904 and 25568.
272
What is the highest common factor of 197 and 2544649?
197
What is the greatest common factor of 2075 and 6425?
25
What is the greatest common divisor of 3982 and 146610?
362
Calculate the highest common divisor of 126 and 13794.
6
Calculate the highest common factor of 265 and 137005.
265
What is the greatest common divisor of 90 and 35130?
30
Calculate the highest common factor of 1763 and 11.
1
Calculate the greatest common factor of 263653 and 85896.
1193
What is the greatest common divisor of 218 and 66272?
218
What is the highest common divisor of 78288 and 48384?
336
Calculate the highest common divisor of 6735 and 795.
15
Calculate the highest common divisor of 2 and 16.
2
Calculate the greatest common factor of 5508 and 228.
12
What is the greatest common divisor of 23 and 27073?
1
What is the greatest common factor of 12169 and 29998?
283
What is the greatest common factor of 140 and 442295?
35
What is the greatest common factor of 1396 and 96673?
349
What is the greatest common factor of 28459 and 2101?
191
What is the highest common divisor of 167424 and 240?
48
What is the greatest common factor of 280713 and 137?
137
Calculate the highest common divisor of 123 and 1104909.
123
What is the highest common factor of 1106109 and 426?
213
What is the highest common divisor of 107689 and 904?
113
Calculate the highest common divisor of 885 and 428163.
177
What is the greatest common factor of 7783 and 387?
43
Calculate the greatest common factor of 114166 and 65.
13
What is the highest common factor of 427 and 365939?
427
Calculate the highest common factor of 24 and 16168.
8
Calculate the greatest common divisor of 216 and 3088.
8
What is the greatest common divisor of 131346 and 30?
6
What is the greatest common divisor of 36624 and 1104?
48
Calculate the greatest common factor of 50301 and 1817.
23
Calculate the greatest common factor of 6320 and 2370.
790
What is the greatest common divisor of 580 and 16124?
116
Calculate the greatest common divisor of 2218 and 25.
1
What is the highest common divisor of 627 and 2937?
33
Calculate the highest common factor of 310884 and 30.
6
What is the greatest common factor of 810 and 388638?
162
What is the highest common divisor of 12544 and 19684?
28
Calculate the highest common divisor of 78873 and 2379.
183
What is the greatest common factor of 265 and 227635?
265
Calculate the highest common factor of 527 and 477989.
527
Calculate the greatest common divisor of 33250 and 5510.
190
What is the highest common divisor of 11416 and 152?
8
What is the greatest common factor of 457 and 1337639?
457
What is the highest common divisor of 8 and 55416?
8
What is the greatest common factor of 522621 and 2277?
99
Calculate the greatest common factor of 54718 and 872.
218
What is the highest common factor of 5811 and 78?
39
Calculate the greatest common divisor of 16 and 423664.
16
What is the highest common divisor of 259 and 595?
7
What is the highest common divisor of 980 and 15640?
20
Calculate the highest common divisor of 12046 and 2536.
634
What is the greatest common factor of 1757 and 175?
7
What is the highest common factor of 3537 and 2227?
131
What is the highest common divisor of 6726 and 171?
57
Calculate the greatest common factor of 1969 and 9487.
179
What is the greatest common divisor of 188 and 77926?
94
Calculate the highest common factor of 968 and 62194.
242
Calculate the highest common factor of 90850 and 1264.
158
Calculate the greatest common factor of 130 and 7010.
10
What is the highest common divisor of 48447 and 189?
63
What is the highest common factor of 192 and 1428?
12
What is the highest common factor of 50560 and 2?
2
What is the highest common factor of 42478 and 12997?
317
What is the greatest common factor of 80214 and 348?
174
Calculate the highest common divisor of 16618 and 28.
14
Calculate the highest common factor of 6758 and 341.
31
Calculate the highest common factor of 41 and 171.
1
Calculate the greatest common factor of 341082 and 294.
42
Calculate the highest common divisor of 82 and 31898.
82
Calculate the greatest common divisor of 16038604 and 796.
796
Calculate the greatest common divisor of 65442 and 78.
78
What is the greatest common factor of 27359 and 8032?
251
What is the highest common divisor of 7260386 and 1302?
434
Calculate the greatest common factor of 1855009 and 62.
31
Calculate the highest common factor of 54389 and 2603.
137
What is the greatest common factor of 1693 and 18?
1
What is the highest common factor of 7849 and 4342?
167
What is the greatest common divisor of 614 and 13310906?
614
Calculate the greatest common divisor of 5 and 534065.
5
What is the highest common factor of 844543 and 20536?
2567
What is the greatest common factor of 4433 and 199144?
341
What is the highest common factor of 60 and 162320?
20
What is the greatest common factor of 6 and 4358?
2
Calculate the greatest common factor of 41 and 40057.
41
Calculate the highest common factor of 80478 and 6732.
306
What is the greatest common factor of 195 and 49920?
195
What is the greatest common divisor of 873 and 239396?
97
Calculate the greatest common divisor of 31240 and 128.
8
Calculate the highest common divisor of 109816 and 40.
8
What is the highest common divisor of 6460 and 2227?
17
What is the highest common factor of 65 and 265?
5
What is the highest common divisor of 2349 and 1026?
27
What is the greatest common factor of 903123 and 3861?
351
What is the greatest common factor of 265566 and 14?
14
Calculate the greatest common factor of 1342 and 6457.
11
What is the highest common factor of 282968 and 3472?
1736
What is the highest common divisor of 231 and 14245?
77
Calculate the highest common divisor of 2679 and 1222.
47
What is the greatest common factor of 23805 and 135?
45
What is the greatest common divisor of 1109745 and 1626?
813
Calculate the greatest common divisor of 705 and 765.
15
Calculate the greatest common divisor of 542 and 515171.
271
What is the highest common factor of 67580 and 2015?
155
What is the highest common factor of 3104583 and 3?
3
What is the greatest common divisor of 1248989 and 14?
7
What is the greatest common factor of 40236 and 24?
12
What is the highest common factor of 52503 and 387?
129
Calculate the highest common factor of 8441 and 69.
23
What is the greatest common factor of 767 and 10620?
59
Calculate the greatest common divisor of 45 and 28125.
45
Calculate the highest common factor of 1112 and 20560.
8
What is the highest common factor of 1258 and 57202?
74
What is the highest common factor of 846 and 163419?
141
Calculate the greatest common factor of 46833 and 1407.
201
Calculate the greatest common divisor of 60106 and 2214.
82
Calculate the greatest common factor of 10953288 and 1021.
1021
Calculate the highest common factor of 2808 and 27729.
351
Calculate the highest common divisor of 347 and 259209.
347
Calculate the highest common divisor of 1451897 and 292.
73
Calculate the highest common divisor of 196 and 207956.
196
What is the highest common factor of 25032 and 2758?
14
What is the highest common divisor of 1624 and 3392942?
406
What is the greatest common factor of 6 and 2225?
1
What is the greatest common factor of 681299 and 802?
401
Calculate the highest common factor of 28212 and 288.
12
What is the greatest common factor of 187706 and 381?
127
Calculate the greatest common factor of 6 and 1374.
6
What is the highest common factor of 1166 and 3586?
22
Calculate the highest com